 6*l + 4. Give q(-5).
-16
Let d(g) = 4*g**2 + 2. Determine d(2).
18
Let z(p) = -p**3 - 9*p**2 - 2*p - 7. Determine z(-9).
11
Let a(j) = -j**3 - 6*j**2 + 7. Calculate a(-5).
-18
Let g(p) = -p + 5. Determine g(-3).
8
Let k(s) = 5*s**3 - s**2 - 5. Give k(2).
31
Let v(t) = -t**2 - 5*t - 7. Give v(-6).
-13
Let f(z) = -3*z**2 + 102*z + 6. What is f(34)?
6
Let d(g) = -g**2 + 6*g - 9. Determine d(3).
0
Let c(v) = -2*v**3 - 13*v**2 + 10*v - 1. Calculate c(-7).
-22
Let x(i) = -10*i**2 + 60*i - 1. Calculate x(6).
-1
Let g(k) = -5*k + 24. What is g(11)?
-31
Let s(y) = -5*y**2 - 7*y + 3. Determine s(-4).
-49
Let t(i) = -i**2 - 5*i - 1. Determine t(-4).
3
Let y(m) = m**3 + 5*m**2 + 8*m + 13. Give y(-6).
-71
Let z(s) = -11*s - 13. Calculate z(-3).
20
Let l(t) = t**3 + 6*t**2 - t - 4. What is l(-6)?
2
Let z(h) = 10*h**2 + 1. Calculate z(-1).
11
Let g(h) = h**3 - h**2 - 2. Calculate g(3).
16
Let f(w) = w - 4. Calculate f(-5).
-9
Let z(y) = -4*y**2 - 68*y + 20. What is z(-16)?
84
Let b(c) = 2*c + 9. Determine b(-6).
-3
Let g(o) = o**2 - 6*o + 3. Give g(6).
3
Let o(u) = u**3 - 18*u**2 - 21. What is o(18)?
-21
Let b(g) = 9*g**3 + 91*g**2 + 10*g + 3. Give b(-10).
3
Let x(m) = m**2 + 13*m + 52. Determine x(-8).
12
Let a(w) = -w**2 + 3*w + 68. Calculate a(13).
-62
Let j(n) = 2*n**2 + 10*n - 2. Determine j(-8).
46
Let o(b) = b**3 - b**2 - b. Give o(0).
0
Let l(w) = w**2 - 16*w - 32. Give l(15).
-47
Let k(y) = -y**3 + 10*y**2 + 24*y - 6. What is k(12)?
-6
Let q(u) = -14*u + 2. Calculate q(-2).
30
Let c(w) = 5*w - 17. Calculate c(6).
13
Let j(o) = -o**2 - 6*o - 1. Calculate j(-5).
4
Let c(y) = y**3 + 6*y**2 - 8*y - 3. Calculate c(-7).
4
Let n(j) = 2*j**2 - 12*j + 5. Calculate n(4).
-11
Let q(z) = z**2 + 2*z - 1. Give q(6).
47
Let d(p) = -5*p - 24. Determine d(-7).
11
Let k(q) = q + 3. Determine k(8).
11
Let n(i) = -30*i - 640. Give n(-21).
-10
Let w(n) = -n**2 - n - 3. What is w(2)?
-9
Let a(c) = -15*c + 36. Determine a(3).
-9
Let h(a) = -a**2 - 15*a - 25. What is h(-14)?
-11
Let k(a) = 2*a**2 + 65*a + 37. Determine k(-32).
5
Let a(l) = -4*l - 1. Give a(-2).
7
Let j(i) = 2*i + 1. Give j(-9).
-17
Let q(m) = 56*m - 104. Determine q(2).
8
Let o(q) = q - 27. What is o(6)?
-21
Let a(n) = 2*n**3 - n**2 + 11*n - 5. Calculate a(3).
73
Let b(p) = p**3 - 5*p**2 - 2*p - 22. Calculate b(6).
2
Let k(d) = -d**2 + 8*d + 21. Give k(10).
1
Let v(z) = 37*z - 1. What is v(-1)?
-38
Let s(o) = o**2 + o - 9. Give s(3).
3
Let z(x) = x**2 + 8*x + 20. Give z(-4).
4
Let z(x) = -2*x**2 - 19*x + 8. What is z(-10)?
-2
Let p(o) = -4*o - 27. Calculate p(-7).
1
Let t(h) = -h**3 - 5*h**2 - 2*h - 9. Give t(-5).
1
Let c(w) = 5*w - 20. What is c(8)?
20
Let p(q) = -2*q**3 - 4*q**2 - 7*q - 7. What is p(-2)?
7
Let f(x) = 3*x**2 + 3*x - 1. Calculate f(2).
17
Let t(r) = 6*r + 127. Give t(-22).
-5
Let r(i) = -217*i**3 + i + 1. What is r(-1)?
217
Let l(z) = -z + 8. What is l(10)?
-2
Let n(k) = -k**2 - 8*k - 7. What is n(-3)?
8
Let i(w) = -w**3 + 9*w**2 - w + 12. Calculate i(9).
3
Let v(s) = s**3 - 7*s**2 - 5*s - 1. Give v(7).
-36
Let j(x) = -x - 25. Give j(-13).
-12
Let i(a) = -a**3 - 7*a**2 - 10*a - 24. Determine i(-4).
-32
Let f(h) = 4*h - 20. Calculate f(6).
4
Let w(c) = -c**3 + 11*c**2 - 28*c + 5. Calculate w(7).
5
Let s(b) = 3*b**2 + 1. Determine s(-1).
4
Let s(r) = -40*r + 192. Determine s(5).
-8
Let k(s) = -14*s**2 - 10*s - 10. What is k(-1)?
-14
Let q(z) = z**3 - z**2 + 3*z - 3. Give q(2).
7
Let w(m) = -56*m - 209. What is w(-4)?
15
Let h(b) = b**2 + 25*b + 130. What is h(-20)?
30
Let f(y) = -y**2 + 10*y + 27. Calculate f(6).
51
Let o(s) = -s**3 - 8*s**2 - 9*s - 7. Calculate o(-7).
7
Let k(m) = 3*m - 20. What is k(9)?
7
Let j(d) = 11*d - 125. What is j(9)?
-26
Let o(n) = -n + 4. Determine o(11).
-7
Let v(p) = -2*p**3 + 37*p**2 - 13*p - 22. Determine v(18).
68
Let g(s) = -22*s + 110. Determine g(4).
22
Let u(h) = -2*h**3 - 21*h**2 + 8*h - 10. Give u(-11).
23
Let a(d) = d**2 + 11*d - 12. Determine a(-16).
68
Let y(r) = -147*r**3 + r**2 - 4*r + 3. Calculate y(1).
-147
Let o(v) = 48*v - 431. What is o(9)?
1
Let k(v) = -v**3 - 10*v**2 + 6*v - 55. Calculate k(-11).
0
Let l(i) = i**2 - 13*i + 36. Determine l(11).
14
Let d(b) = -11*b**2 - 8*b - 9. Give d(-1).
-12
Let b(o) = o**2 - 17*o - 14. Calculate b(18).
4
Let c(u) = -7*u**2 - u - 2. What is c(-3)?
-62
Let x(c) = -2*c**2 - 13*c + 18. Give x(-7).
11
Let m(y) = -y**3 + 17*y**2 - 12*y + 187. What is m(17)?
-17
Let q(v) = v - 8. Give q(6).
-2
Let l(x) = 2*x**2 - 12*x - 4. Give l(6).
-4
Let u(a) = -18*a + 45. Calculate u(10).
-135
Let p(c) = -c + 8. Calculate p(3).
5
Let q(o) = o**3 - 7*o**2 + 4*o - 15. Give q(7).
13
Let r(b) = -b**3 - 3*b**2 - 4*b - 3. What is r(-2)?
1
Let g(q) = 5*q - 8. Calculate g(6).
22
Let m(l) = -17*l - 159. What is m(-11)?
28
Let n(q) = -7*q + 94. What is n(19)?
-39
Let s(t) = t**3 - 34*t**2 - 36*t - 25. What is s(35)?
-60
Let b(c) = 2*c + 1. Calculate b(-2).
-3
Let g(b) = -40*b - 8. What is g(0)?
-8
Let n(s) = s - 1. Give n(-6).
-7
Let l(t) = -t**2 + 13*t + 38. Give l(13).
38
Let v(t) = t**3 + 13*t**2 + 39*t - 9. What is v(-6)?
9
Let o(q) = q**3 + 35*q**2 - 36*q - 89. Calculate o(-36).
-89
Let b(s) = s**2 - s - 16. Give b(0).
-16
Let g(r) = -9*r - 8. Determine g(-2).
10
Let h(s) = 3*s**2 + 6*s - 7. Calculate h(-5).
38
Let d(i) = -i**3 - 9*i**2 + 4*i + 18. What is d(-9)?
-18
Let b(c) = 8*c + 7. What is b(-9)?
-65
Let o(l) = l**3 + 18*l**2 + 18*l + 22. Calculate o(-17).
5
Let v(p) = 43*p - 298. Determine v(7).
3
Let j(v) = -96*v + 280. What is j(3)?
-8
Let n(s) = -18*s**3 - s**2 - s - 1. What is n(-1)?
17
Let f(q) = q**3 + 6*q**2 - 7*q - 1. What is f(-7)?
-1
Let c(o) = o**3 - 11*o**2 - 31*o + 28. What is c(13)?
-37
Let x(j) = j**3 - 8*j**2 - 22*j + 10. Give x(10).
-10
Let z(y) = -y**3 + 8*y**2 - 9*y - 4. Determine z(7).
-18
Let h(z) = 7*z - 20. Determine h(7).
29
Let k(l) = -l + 19. Give k(-7).
26
Let g(k) = 89*k**2 - 4*k - 4. Determine g(-1).
89
Let p(u) = 30*u**2 + u + 5. Give p(0).
5
Let i(b) = -b**3 - 10*b**2 + 10*b. Determine i(-11).
11
Let c(s) = s**3 - 9*s**2 - 7*s - 18. Give c(10).
12
Let q(f) = -f**2 + 7*f + 10. Determine q(8).
2
Let u(y) = -y**3 + 6*y**2 - 4*y + 7. What is u(6)?
-17
Let i(p) = -5*p + 1. What is i(6)?
-29
Let r(x) = -3*x**2 + 7*x - 4. Determine r(5).
-44
Let l(r) = r**3 + 7*r**2 - r + 5. Determine l(-7).
12
Let n(y) = 2*y**2 + 16*y - 4. Calculate n(-8).
-4
Let t(o) = o**3 + 5*o**2 - 10*o - 8. Give t(-6).
16
Let x(j) = -3*j**3 - 3*j**2 + 9*j + 21. Give x(-3).
48
Let w(r) = -r**2 - 3*r + 2. Calculate w(3).
-16
Let s(v) = -v**3 - v**2 + 2*v + 1. What is s(0)?
1
Let c(n) = -n**3 + 2*n**2 + 5*n + 2. Calculate c(5).
-48
Let k(i) = -3*i + 22. What is k(11)?
-11
Let x(u) = -2*u**3 + 11*u**2 + 5*u + 3. Give x(6).
-3
Let k(z) = -4*z - 8. Calculate k(-23).
84
Let a(t) = t**2 - 39*t + 45. What is a(38)?
7
Let i(q) = -3*q - 3. What is i(-4)?
9
Let t(d) = -d**3 - 3*d**2 - 3*d + 2. Give t(-3).
11
Let a(m) = -3*m + 4. Give a(-4).
16
Let r(v) = -4*v + 18. Determine r(-15).
78
Let w(g) = 2*g. What is w(-5)?
-10
Let a(u) = 6*u + 123. Calculate a(-20).
3
Let q(i) = -i**2 + 7*i + 432. Calculate q(-18).
-18
Let n(c) = -14*c - 2. Calculate n(1).
-16
Let t(v) = -v**3 + 3*v - 1. Give t(4).
-53
Let n(f) = -f**3 + 4*f**2 - 2*f - 2. Give n(2).
2
Let y(o) = o**2 - 5*o - 6. What is y(6)?
0
Let m(d) = 11*d + 104. Give m(-10).
-6
Let q(w) = -w**3 - 3*w**2 + 5*w - 12. Give q(-6).
66
Let h(s) = -2*s**3 + 3. Calculate h(0).
3
Let a(y) = -y**3 - 14*y**2 + 16*y - 6. Calculate a(-15).
-21
Let r(i) = -i**3 + 3*i**2 - i + 6. Determine r(4).
-14
Let g(h) = 2*h**2 + 5*h + 2. What is g(-3)?
5
Let t(c) = c**3 + 11*c**2 + 11*c + 9. Determine t(-10).
-1
Let t(k) = -k**3 + 5*k**2 - 4*k - 5. Determine t(4).
-5
Let z(m) = -86*m**2 - 4*m + 1. Give z(1).
-89
Let x(y) = 4*y**2 - 107*y + 27. What is x(26)?
-51
Let j(k) = 28*k + 5. What is j(1)?
33
Let w(x) = -x**2 - 19*x - 54. What is w(-4)?
6
Let l(q) = q**2 + 23*q + 64. What is l(-19)?
-12
Let p(y) = 21*y**3 - 2*y**2 + 4*y - 2. What is p(1)?
21
Let n(r) = -r**3 - 8*r**2 - 13*r + 8. Give n(-6).
14
Let l(s) = -4*s - 42. Calculate l(-15).
18
Let y(g) = -2*g + 34. Calculate y(22).
-10
Let l(f) = 3*f**2 + 36*f + 107. Calculate l(-6).
-1
Let v(o) = -o - 17. Calculate v(-42).
25
Let x(c) = -53*c - 98. Determine x(-